{"id":95,"date":"2025-02-20T23:30:28","date_gmt":"2025-02-20T22:30:28","guid":{"rendered":"https:\/\/motorrad-ritter.de\/?page_id=95"},"modified":"2025-02-20T23:33:16","modified_gmt":"2025-02-20T22:33:16","slug":"mitgliedschaft","status":"publish","type":"page","link":"https:\/\/motorrad-ritter.de\/index.php\/mitgliedschaft\/","title":{"rendered":"Mitgliedschaft"},"content":{"rendered":"\n<p class=\"has-text-align-center\"><strong>Jahresbeitrag<\/strong><\/p>\n\n\n\n<p class=\"has-text-align-center\">Der Jahresbeitrag betr\u00e4gt z. Zt. 30\u20ac<br>Damit ist kein Nenngeld bei den Treffen zu zahlen.<\/p>\n\n\n\n<hr class=\"wp-block-separator has-alpha-channel-opacity\"\/>\n\n\n\n<p class=\"has-text-align-center\"><strong>Aufnahmegeb\u00fchr<\/strong><\/p>\n\n\n\n<p class=\"has-text-align-center\">Die Aufnahmegeb\u00fchr betr\u00e4gt 70\u20ac<br>Jedes neues Mitglied erh\u00e4lt nach der Probezeit einen Ritterbecher.<\/p>\n\n\n\n<hr class=\"wp-block-separator has-alpha-channel-opacity\"\/>\n\n\n\n<p class=\"has-text-align-center\"><strong>Probejahr<\/strong><\/p>\n\n\n\n<p class=\"has-text-align-center\">Jeder Antragsteller muss sich ein Jahr bei den Motorrad Rittern bew\u00e4hren.<br>Sollte er nicht die Ziele der Motorrad Ritter verfolgen,<br>kann einer endg\u00fcltigen Aufnahme nicht entsprochen werden<\/p>\n","protected":false},"excerpt":{"rendered":"<p>Jahresbeitrag Der Jahresbeitrag betr\u00e4gt z. Zt. 30\u20acDamit ist kein Nenngeld bei den Treffen zu zahlen. Aufnahmegeb\u00fchr Die Aufnahmegeb\u00fchr betr\u00e4gt 70\u20acJedes neues Mitglied erh\u00e4lt nach der Probezeit einen Ritterbecher. Probejahr Jeder Antragsteller muss sich ein Jahr bei den Motorrad Rittern bew\u00e4hren.Sollte er nicht die Ziele der Motorrad Ritter verfolgen,kann einer endg\u00fcltigen Aufnahme nicht entsprochen werden<\/p>\n","protected":false},"author":1,"featured_media":0,"parent":0,"menu_order":0,"comment_status":"closed","ping_status":"closed","template":"","meta":{"footnotes":""},"class_list":["post-95","page","type-page","status-publish","hentry"],"_links":{"self":[{"href":"https:\/\/motorrad-ritter.de\/index.php\/wp-json\/wp\/v2\/pages\/95","targetHints":{"allow":["GET"]}}],"collection":[{"href":"https:\/\/motorrad-ritter.de\/index.php\/wp-json\/wp\/v2\/pages"}],"about":[{"href":"https:\/\/motorrad-ritter.de\/index.php\/wp-json\/wp\/v2\/types\/page"}],"author":[{"embeddable":true,"href":"https:\/\/motorrad-ritter.de\/index.php\/wp-json\/wp\/v2\/users\/1"}],"replies":[{"embeddable":true,"href":"https:\/\/motorrad-ritter.de\/index.php\/wp-json\/wp\/v2\/comments?post=95"}],"version-history":[{"count":3,"href":"https:\/\/motorrad-ritter.de\/index.php\/wp-json\/wp\/v2\/pages\/95\/revisions"}],"predecessor-version":[{"id":100,"href":"https:\/\/motorrad-ritter.de\/index.php\/wp-json\/wp\/v2\/pages\/95\/revisions\/100"}],"wp:attachment":[{"href":"https:\/\/motorrad-ritter.de\/index.php\/wp-json\/wp\/v2\/media?parent=95"}],"curies":[{"name":"wp","href":"https:\/\/api.w.org\/{rel}","templated":true}]}}